x. What is the units digit of k?
8
What is the tens digit of 76 + (12/(-1))/4?
7
Suppose 0 = o + 5*o + 120. What is the tens digit of 15*(224/o)/(-4)?
4
Let t be (32/(-20))/(4/30). Let c = 18 + t. Suppose -c*l + 2*l = -12. What is the units digit of l?
3
Let i(q) = -q**3 - 6*q**2 - 6*q. Let d be i(-5). Let c(k) = 7*k - 3. Let g be c(d). Let h = -12 + g. What is the tens digit of h?
2
Let h = 9 - 6. Suppose 5*u - 34 = -2*d, -h*d + 4*d = 2. What is the units digit of u?
6
Let m(q) = q + 274. What is the tens digit of m(0)?
7
Suppose 5*g - 13 = 2*n, -11 = -2*g - 4*n - 1. Suppose 3 = -g*k + 12. Suppose -k*t + 10 = 2*t. What is the units digit of t?
2
Suppose v = -c + 4*v + 29, 3*c - 2*v = 80. Let d = c + -11. What is the units digit of d?
5
Let a be (-1)/(-3) - (-1878)/(-18). What is the units digit of 11/(-33) + a/(-6)?
7
Let p be 2/5 - (-2)/(-5). What is the units digit of (2 - p)*12 + -2?
2
What is the tens digit of 1/((-2)/1790*-5)?
7
Let c(j) = 5*j**2 + j - 1. Let b be c(1). Suppose b*l - 35 = -5*d, -4*l - 2*d + 13 = -25. What is the units digit of l?
2
Let d be (-3)/4*8/1. Let s = 4 + d. What is the tens digit of 12/(s*3/(-6))?
1
Let m(y) = -29*y + 23. What is the tens digit of m(-3)?
1
What is the units digit of (-142 - 1/1)/(-28 - -27)?
3
Let f(d) = d + d**2 + d**2 + 0*d. Let h be f(2). Suppose h = -0*l + 2*l. What is the units digit of l?
5
Suppose 4*p = 2*i - 26, 2*p - 3*p = -2*i + 11. What is the tens digit of 11/((i + -4)/(-1))?
1
Let r(d) be the third derivative of d**4/8 - 5*d**3/6 + d**2. What is the tens digit of r(6)?
1
Let m(y) = y + 11. Let j be m(-7). Suppose -5*p = -4*b - 16, p + j = b + 7. What is the units digit of p?
4
Suppose 4*c - 50 = 82. What is the tens digit of c?
3
Suppose 5*i = 3*k - 69, -6*k - i = -k - 115. Let z = k + -3. Suppose z = -0*g + 2*g. What is the units digit of g?
0
Suppose -2*j = 6, 3*j - 903 = -3*d - 2*j. What is the hundreds digit of d?
3
What is the hundreds digit of (10 + 20)*(-20)/(-3)?
2
Suppose -6 = 4*q + 2*y, 2*y + 0*y = -2*q - 2. What is the units digit of q/5 + (-74)/(-10)?
7
Let k(m) = -m + 2. Let a be k(-6). Suppose -26 = -3*z - a. What is the units digit of z?
6
Suppose 0 = 2*m, -w - 2*m = -0*m - 39. What is the units digit of w?
9
Suppose -2*l + u + 153 = 2*l, -l = -3*u - 41. Let v = -19 + l. What is the units digit of v?
9
Suppose 187 = 5*f + 2*r, 4*f - 211 = -f + 4*r. What is the units digit of f?
9
Suppose -2 - 10 = -3*z. Let c(p) = -p**2 + 2 - p**2 - z*p + 7*p**2. What is the tens digit of c(2)?
1
Suppose v + 2 = -2*a + 18, 2*v = 5*a + 50. What is the units digit of v?
0
Let f(v) = 2*v**3 - 2*v**2. Let y = -16 + 19. What is the units digit of f(y)?
6
Let w(a) = -a + 2. What is the units digit of w(1)?
1
Let n(y) = 2*y + 164. What is the hundreds digit of n(0)?
1
Let b(w) = w**3 - 10*w**2 + 13*w - 5. What is the units digit of b(9)?
1
Let n(k) = k**3 - 10*k**2 + 6*k - 12. What is the units digit of n(10)?
8
Suppose 0 = 2*t - 0*t - 24. What is the units digit of t?
2
Suppose -4*w - 3*z + 55 = -0*z, 3*z + 36 = 3*w. Suppose 0*k + 3*k = 2*x - w, 5*x = 5*k + 20. What is the units digit of -1*(-1 + (x - 1))?
3
Let c be 9/(2 - (-33)/(-15)). Let j = -25 - c. Let m = j + -8. What is the tens digit of m?
1
Suppose 51 = m + 4. What is the units digit of m?
7
Let q(j) = 2*j**2 - 2*j - 1. Let p(c) = 0 - 4 + 4*c**2 + 2 - 5*c. Let g(i) = -4*p(i) + 9*q(i). What is the units digit of g(-2)?
3
Suppose -5*r = -2*r. Suppose 3*q + q + 32 = r. What is the units digit of (-4)/q + (-30)/(-4)?
8
Let g be 9/18*(1 - 13). Let m(v) = v**3 + 7*v**2 + 4*v + 5. What is the tens digit of m(g)?
1
Let o = 2 - 2. Let i be (-1)/(-3) + 11/3. Let a = i - o. What is the units digit of a?
4
Suppose 0 = -5*s + 5 + 25. Let y = s - 3. Suppose y*h - 7 = 2*h + 3*c, 5*h + 1 = -3*c. What is the units digit of h?
1
Suppose i - 13 = -2*a + 515, a - 250 = 3*i. What is the units digit of a?
2
Let t(h) = 22*h**2 - 8*h - 16. What is the hundreds digit of t(-3)?
2
Suppose 0 = 2*y - 3*a - 60, y - 8*a = -3*a + 44. What is the tens digit of y?
2
Let z be 1/2 - 19/(-2). What is the units digit of -1*(2 - z)*1?
8
Suppose 2*t - 40 = -k, -3*t = -k + t + 64. What is the units digit of k?
8
Let q = -36 - -82. Suppose -2*h - d = -7*h + q, -3*d + 62 = 5*h. What is the units digit of 3/(-2 + h/4)?
6
Suppose -3 = -2*o + p + 1, 2*p - 8 = -4*o. What is the units digit of o?
2
Suppose -5*y = 5*a - 5, -a = 2*a - 4*y - 31. Let g = 20 + -6. Let k = g - a. What is the units digit of k?
9
Let d = 21 - 1. Let w = d - 16. What is the units digit of w?
4
Suppose -5*y + 3*y - 60 = 0. What is the tens digit of (8/10)/((-2)/y)?
1
Suppose -2*g = -5*x, -x - 23 = g - 6*g. Suppose -2 - x = -4*z. What is the units digit of z?
1
Let t = 17 + 27. What is the units digit of t?
4
Suppose 14 = 5*b - 41. What is the units digit of 1/2 + b/2?
6
Let f be 3 - 2 - (0 + -3). Suppose 2*v = f*h - 18, h + 4*v = -0*v. What is the units digit of 33/7 + h/14?
5
Suppose 0 = 5*o - 369 + 69. Suppose 4*l = -p + 6*p + 87, -2*p - o = -3*l. Suppose -2 = f + 2*x - 0*x, -3*f + l = -2*x. What is the units digit of f?
4
Let q = -107 - -166. What is the units digit of q?
9
Let y(k) = 16*k + 1. Let u be y(2). Suppose -2*o + 8 = -3*a - u, 0 = 3*o - 5*a - 62. What is the units digit of o?
9
Let u(b) = -9*b - 6. What is the tens digit of u(-4)?
3
Suppose 2*k = 5 + 5. What is the units digit of (-2)/6*(-255)/k?
7
Suppose 5*d + 28 = 3*s, -s - s - d = -23. Let l = 23 - s. What is the units digit of (l/15)/((-1)/(-5))?
4
Let p(u) = -u**3 - 4*u**2 - u + 7. Suppose -w - 11 = -0*w - 3*l, 0 = -2*w - 5*l. What is the tens digit of p(w)?
3
Suppose 8 - 4 = 4*w. Suppose 2*k - 3*k - w = 0. What is the units digit of (-3)/k + 3*1?
6
Suppose -h + 5*h - 48 = -5*l, h - 2*l = 25. What is the units digit of h?
7
Let x(f) = -128*f - 33. What is the hundreds digit of x(-3)?
3
Let w(y) = 8*y + 8. Let x(d) = 7*d + 7. Let v(j) = -6*w(j) + 7*x(j). Let l be v(3). Let s(k) = k**3 - 2*k**2 - 6*k + 3. What is the units digit of s(l)?
1
Let g(o) = 8*o**2 + 1. Let p(l) = -l**2 - 7*l - 7. Let c be p(-6). Let r be ((-1)/(-4))/(c/(-4)). What is the units digit of g(r)?
9
Let x(p) = 2*p. Let q be x(-1). Let v be q/7 + (-394)/(-7). Suppose -4*o - 2*w - 14 + v = 0, 4*o - 12 = 4*w. What is the units digit of o?
8
Let n = 3 - -2. Suppose 5 = n*d - 0. Suppose -z + d = -6. What is the units digit of z?
7
Let k(f) = f**2 - 8*f + 9. Let b be k(6). Let g = 0 - b. Let t(m) = -m**3 + 3*m**2 - m + 4. What is the units digit of t(g)?
1
Suppose d - 3*d = 0. Suppose -3*a - 2*a + l + 27 = d, 0 = -a - 3*l + 15. What is the units digit of ((-3)/a)/((-1)/2)?
1
Suppose -6*c + 4*c = -8. Let a(m) = -1 - c + m**2 - 2 + 2*m. What is the units digit of a(-5)?
8
Suppose 5*i - 5*g + 5 = -g, -i = 2*g - 13. Suppose 4*p = 32 + 144. Suppose i*a - p = -a. What is the tens digit of a?
1
Let f(d) = -d**2 + d + 1. Let g(h) = 7*h**2 - h + 2. Let t(a) = 6*f(a) + g(a). What is the tens digit of t(-6)?
1
Suppose 2*i - i - 202 = 0. What is the hundreds digit of i?
2
Let o(n) = -n**3 + 10*n**2 - 8*n - 3. Let m be o(9). Let s = m - 6. Suppose s = 3*w - 9 - 3. What is the units digit of w?
4
Suppose -26 = d - 11. Let f = d - -30. What is the tens digit of f?
1
Suppose -360 = -6*l + l. Let b = -36 + l. What is the tens digit of b?
3
Suppose -6*f + 27 = 21. What is the units digit of f?
1
Let o(d) = -d - 2. Suppose -3*c + 4*c = 1. Let z be (1 - 10)/(1/c). What is the units digit of o(z)?
7
Suppose -4*d + 6*d - 30 = 0. What is the units digit of d?
5
Suppose 3*z = -4*t + 38, 0*t = -5*z - t + 52. Suppose 8 + z = 2*x. Suppose -2*a + 5 = -x. What is the units digit of a?
7
Suppose 8 = 3*l + 3*p - 1, l - 4*p = 8. What is the units digit of 917/49 - l/(-14)?
9
Let c = 0 - -10. Suppose 3*i - 2*f - 19 + 0 = 0, f - c = -5*i. Suppose i*t = -13 + 49. What is the tens digit of t?
1
Suppose d + 0*d = -5, 4*x + 3*d - 277 = 0. What is the units digit of x?
3
Let f(t) = 4*t + 27 - 4*t + t - 8. What is the tens digit of f(-8)?
1
Let g be -1 + (6/2 - 2). Let j = g - 15. Let o = -5 - j. What is the tens digit of o?
1
Let y(d) = d**2 - 4*d - 7. Let a be y(5). Let x(s) = s**3 + 3*s**2 - 1. Let j be x(-1). Let n = j - a. What is the units digit of n?
3
Suppose 0 = 4*w + w. Suppose w = r - 6*r + 45.